 the prime factors of h?
2, 5, 11
Suppose -13*c + 3998 + 3802 = 0. What are the prime factors of c?
2, 3, 5
Let p(v) = -40*v + 12. Let t be p(-4). Suppose -j + t = 34. What are the prime factors of j?
2, 3, 23
Suppose -4*u + 1340 = -4*o, -2*o + 529 + 133 = 2*u. List the prime factors of u.
3, 37
List the prime factors of (33 + -16 + -18)*(0 - 1187).
1187
Suppose -10 = -5*d - 0*d. Let s = -7 - d. Let q(x) = -x**2 - 13*x + 7. What are the prime factors of q(s)?
43
Suppose -3*t = -5*u - 480, -t + u + 822 = 4*t. Suppose -2*r + t + 261 = 0. What are the prime factors of r?
3, 71
Suppose -6*j = 2 - 14. What are the prime factors of 1865/30 + j/(-12)?
2, 31
Suppose -4450 = -79*p + 77*p. What are the prime factors of p?
5, 89
Let x(z) = 2 - 4*z - 4 - 1. List the prime factors of x(-15).
3, 19
Suppose 0*a + o = 3*a - 69, 2*o + 46 = 2*a. Suppose a = -5*j + 4*j. Let l = j + 56. List the prime factors of l.
3, 11
Let x(n) be the second derivative of 7*n**3/2 + 3*n**2/2 + n. List the prime factors of x(4).
3, 29
Let c(x) = x**2 - 9*x + 3. Let n be c(9). Suppose -n*t - 17 = 13. Let v = t - -28. List the prime factors of v.
2, 3
List the prime factors of (-450 - 0)*((-77)/22 + 1).
3, 5
Suppose -162 = -2*v + 2*y, -20 = -2*y + 7*y. Suppose 0 = -3*r - 2*r - 4*m + 215, 2*m - 43 = -r. Let g = v - r. What are the prime factors of g?
2, 17
Let z(h) = h**3 - 14*h**2 - 10*h + 11. Let r be z(14). Let o = -93 - r. List the prime factors of o.
2, 3
Suppose -5*u + 678 = -h, 3*u - 59 - 353 = -2*h. What are the prime factors of -11 + u + -1 + 5?
3, 43
Let p(x) = 14*x**2 + 4*x - 4. Let r be p(2). Let a be (r/(-14))/((-8)/56). What are the prime factors of (-740)/a*3/(-2)?
37
Suppose -12*q + 8*q + 2944 = 0. List the prime factors of q.
2, 23
Let k = 37 + -39. Let x be (8/k - -4)/(-3). Suppose x = 4*b + b - 245. List the prime factors of b.
7
Let b be ((-44)/(-8) + -2)*-20. Let q = 161 + b. What are the prime factors of q?
7, 13
Let v = -58 + 81. Let r = -19 + v. Suppose -9*d + 55 = -r*d. List the prime factors of d.
11
Let x = 58 - 14. Let t be (-1)/(3 - x/14). Suppose -t*b + 80 = -3*b. List the prime factors of b.
2, 5
Suppose -17*q + 3501 = -14587. What are the prime factors of q?
2, 7, 19
Let x(c) = -5*c**2 - 12*c + 10. Let y(l) = 4*l**2 + 12*l - 10. Let u(d) = -3*x(d) - 4*y(d). Let b = -77 - -69. What are the prime factors of u(b)?
2, 3, 7
Suppose -4*g - 27 - 5 = -4*w, 2*g = -4*w + 2. Suppose -4 = -w*z + 5. Suppose -3*u + 5*o = -196, 0 = -o - z - 2. What are the prime factors of u?
3, 19
Suppose -y = j + 12, -3*y - 11 = 4*j + 39. What are the prime factors of 0/j + (4/(-2) - -51)?
7
Let x = 27 - 47. Let j be 11*10 - (x + 17). Suppose -64 - j = -3*m. List the prime factors of m.
59
Suppose 13*i - 21907 = -3369. What are the prime factors of i?
2, 23, 31
Let c be 6/(-24) + (-9)/(-4). Suppose 5*l - 310 = l + c*j, 0 = -4*l - j + 313. What are the prime factors of l?
2, 3, 13
Suppose -2*k = 3 - 21. Suppose -10*a + 3534 = k*a. List the prime factors of a.
2, 3, 31
Let t = -11 - -11. Suppose t*l - 55 = -l + a, -4*l + 2*a + 216 = 0. What are the prime factors of l?
53
List the prime factors of -2 - -1 - ((4 - 843) + -1).
839
Suppose -5*w + 35 = -2*o, 0*w + 63 = -4*o + 3*w. Let y be ((-6)/5)/((-1)/o). Let u = 21 + y. What are the prime factors of u?
3
Let p(a) = -a**2 + 6*a + 5. Let b be p(6). Suppose 3*w - 3*r + 17 = 5*w, w = -4*r + 11. Suppose b*m - 133 = w. List the prime factors of m.
2, 7
Suppose 70*n + 7000 = 78*n. What are the prime factors of n?
5, 7
Let d be (-4)/(-8) - 67/2. Let b = d - -328. Suppose 6*i - b = -49. List the prime factors of i.
41
Suppose -3*y = -5*d + 22, 4*y = -0*d - 4*d + 24. Let q(f) = 23*f. What are the prime factors of q(d)?
5, 23
Let h = -3088 + 9423. What are the prime factors of h?
5, 7, 181
Let c = 14 + -5. Suppose -c*s - 352 = -13*s. What are the prime factors of s?
2, 11
Let s(z) = -36*z**2 - z + 29. Let m be s(-7). List the prime factors of (m/180)/((-1)/(160/6)).
2
Let c be 44/10 + 12/(-30). Suppose -225 = -c*f - f. What are the prime factors of f?
3, 5
Suppose 4739 = 24*q - 11053. What are the prime factors of q?
2, 7, 47
Suppose -t - 3*t = 0. Suppose -3*h = -6*h + 4*d + 1, t = d - 2. Suppose -h*r + 241 = 79. List the prime factors of r.
2, 3
Suppose 0 = d + 2*r + r - 30, -5*d + 55 = -4*r. What are the prime factors of (d/(-12) - -1) + 1012/16?
3, 7
Let j be -2 + (1 - 2) + 5. Let z be 3*(j/(-3) - 0). Let l = 12 - z. What are the prime factors of l?
2, 7
Let a(k) = -k**3 + k**2 - 23*k - 93. List the prime factors of a(-14).
3169
Suppose 0 = -3*o - 3*s - 3729 + 14244, o = s + 3497. What are the prime factors of o?
3, 389
Let x(w) = -w + 6. Let p be x(3). Suppose -6 - 3 = -p*i, i = 4*c - 285. What are the prime factors of c?
2, 3
Let b(i) = -3*i**2 - 1. Let h be b(1). Let u(q) = 18*q - 5*q - 1 - 17*q. What are the prime factors of u(h)?
3, 5
Let z = 2975 + -839. What are the prime factors of z?
2, 3, 89
Let h(v) = v + 1. Let o be h(2). Let x(t) be the third derivative of -t**6/120 + t**5/15 + t**4/8 - t**3/2 - t**2. List the prime factors of x(o).
3, 5
Let u be (1 + (-30 - -3))*1. Let w = u - -192. Let f = w - 114. List the prime factors of f.
2, 13
Suppose -3*d - 1044 = -2*q + 9839, q = -5*d + 5461. What are the prime factors of q?
2, 7, 389
Let g(i) = i**3 + 4*i**2 - 3*i + 7. Let n be g(-5). Suppose -4*b + 23 = -5. Let z = b - n. List the prime factors of z.
2, 5
Suppose 5*q = 3*y + 131, 5*y + 5*q + 285 = -0*q. Let m = -45 - y. What are the prime factors of m?
7
Let d be -1 + 4 + 0 + 222. Suppose -3*u = 3*f + 2*u - d, -5*f + 3*u = -375. What are the prime factors of f + -2 - 3 - -1?
71
Suppose -45 = -4*j - 3*t, 3*t - 30 = -2*j - j. Let r be j/(-25) - 3/(-5). What are the prime factors of 14*3 + r + -1?
41
What are the prime factors of 73/(-7 - (4 + 342/(-31)))?
31, 73
Suppose -5*s - 40 = 4*q, -33 = 5*q + 6*s - 4*s. Let i(h) = 12*h + 11. Let k be i(q). List the prime factors of 2/(-7) - 210/k.
2
Suppose -4*g - p + 7437 = 0, -38*g = -39*g + 2*p + 1848. What are the prime factors of g?
2, 929
Let x(z) = 9*z + 9. Let m be x(-7). Let u = -21 - m. What are the prime factors of u?
3, 11
Let s be 6/4*(-44)/(-33) - 1. List the prime factors of s/(-2)*2*-43.
43
Suppose 0 = 5*q - t - 1647, -8*q + 3*t = -4*q - 1322. What are the prime factors of q?
7, 47
Let g(u) = -7 + 4 + 14 - 31*u. List the prime factors of g(-7).
2, 3, 19
Let t = 17 - 15. Suppose 3*u = j - 10, 0 = -2*j - 2*u + t + 2. Suppose -9*q + 150 = -j*q. List the prime factors of q.
2, 3, 5
Suppose -2*w = 4*k - k - 4, 0 = k. Suppose 0 = -4*g + 174 - 54. Suppose -g = -w*o - o. What are the prime factors of o?
2, 5
Let u = 5 + 0. Let j(m) = -5*m**2 + 85*m + 1. Let o be j(17). Suppose -2*y = u*c - 4*y - 328, y = o. What are the prime factors of c?
2, 3, 11
Let o(n) = 4*n**3 - n**2 + 4*n - 3. Let k be o(1). Suppose -5*i - k*i = -558. What are the prime factors of i?
2, 31
Suppose -5*x + 33 = -2*r, -4*x + 4*r = -0*x - 24. Suppose -4*o = -3*v - x, v = 2*v - 3. List the prime factors of (-46)/((-1)/2*o).
23
Let s = 37 - 30. Suppose -4*g = -5*h - s*g + 631, h = -g + 127. List the prime factors of h.
5
Suppose -32 = -5*o + 138. Let f be -4*(0 - o/4). Suppose 4*n - f = 22. List the prime factors of n.
2, 7
What are the prime factors of ((-64)/(-5))/(84/630)?
2, 3
Let n(f) = f**3 + 7*f**2 + f - 6. Suppose c + 5*d = -31, 2*c - 5*d - 13 = -0*d. Let m be n(c). Let h = m - 19. List the prime factors of h.
5
Let b be (2/7)/((-24)/(-168)). Suppose -v - b*r + 46 + 2 = 0, -20 = 4*r. What are the prime factors of v?
2, 29
Suppose 10*l - 5*l + 95 = 0. Let n = 22 + l. Suppose -u - 4*u + 47 = 4*c, 27 = 3*u + n*c. List the prime factors of u.
11
Let o(j) = -j**3 - 4*j + 792. What are the prime factors of o(0)?
2, 3, 11
Let v be (187/34)/(2/(-40)). Let r = -54 - v. List the prime factors of r.
2, 7
Suppose -3 = 4*o - o. List the prime factors of (-453 + o)*((-90)/(-20) + -5).
227
Let t = 80 - -413. List the prime factors of t.
17, 29
Let d(l) = 194*l**2 - 5*l - 3. List the prime factors of d(-1).
2, 7
Let z(w) = 1 + 6*w**2 - 1 + 16 - 9*w**2 + 54*w. What are the prime factors of z(13)?
211
What are the prime factors of 9755/15 + (-2)/6?
2, 5, 13
Let h be (-9274)/(-12) + (-4)/(-24). Suppose 7*s = h + 928. What are